
{"version":"1.0","provider_name":"Kaufhold et Reveillaud Avocats","provider_url":"https:\/\/www.kaufholdreveillaud.lu\/fr\/","author_name":"dominocommunication","author_url":"https:\/\/www.kaufholdreveillaud.lu\/fr\/author\/dominocommunication\/","title":"Le droit \u00e0 la d\u00e9connexion - Kaufhold et Reveillaud Avocats","type":"rich","width":600,"height":338,"html":"<blockquote class=\"wp-embedded-content\" data-secret=\"KZYk1ZT0vy\"><a href=\"https:\/\/www.kaufholdreveillaud.lu\/fr\/le-droit-a-la-deconnexion\/\">Le droit \u00e0 la d\u00e9connexion<\/a><\/blockquote><iframe sandbox=\"allow-scripts\" security=\"restricted\" src=\"https:\/\/www.kaufholdreveillaud.lu\/fr\/le-droit-a-la-deconnexion\/embed\/#?secret=KZYk1ZT0vy\" width=\"600\" height=\"338\" title=\"\u00ab\u00a0Le droit \u00e0 la d\u00e9connexion\u00a0\u00bb &#8212; Kaufhold et Reveillaud Avocats\" data-secret=\"KZYk1ZT0vy\" frameborder=\"0\" marginwidth=\"0\" marginheight=\"0\" scrolling=\"no\" class=\"wp-embedded-content\"><\/iframe><script>\n\/*! This file is auto-generated *\/\n!function(d,l){\"use strict\";l.querySelector&&d.addEventListener&&\"undefined\"!=typeof URL&&(d.wp=d.wp||{},d.wp.receiveEmbedMessage||(d.wp.receiveEmbedMessage=function(e){var t=e.data;if((t||t.secret||t.message||t.value)&&!\/[^a-zA-Z0-9]\/.test(t.secret)){for(var s,r,n,a=l.querySelectorAll('iframe[data-secret=\"'+t.secret+'\"]'),o=l.querySelectorAll('blockquote[data-secret=\"'+t.secret+'\"]'),c=new RegExp(\"^https?:$\",\"i\"),i=0;i<o.length;i++)o[i].style.display=\"none\";for(i=0;i<a.length;i++)s=a[i],e.source===s.contentWindow&&(s.removeAttribute(\"style\"),\"height\"===t.message?(1e3<(r=parseInt(t.value,10))?r=1e3:~~r<200&&(r=200),s.height=r):\"link\"===t.message&&(r=new URL(s.getAttribute(\"src\")),n=new URL(t.value),c.test(n.protocol))&&n.host===r.host&&l.activeElement===s&&(d.top.location.href=t.value))}},d.addEventListener(\"message\",d.wp.receiveEmbedMessage,!1),l.addEventListener(\"DOMContentLoaded\",function(){for(var e,t,s=l.querySelectorAll(\"iframe.wp-embedded-content\"),r=0;r<s.length;r++)(t=(e=s[r]).getAttribute(\"data-secret\"))||(t=Math.random().toString(36).substring(2,12),e.src+=\"#?secret=\"+t,e.setAttribute(\"data-secret\",t)),e.contentWindow.postMessage({message:\"ready\",secret:t},\"*\")},!1)))}(window,document);\n\/\/# sourceURL=https:\/\/www.kaufholdreveillaud.lu\/wp-includes\/js\/wp-embed.min.js\n<\/script>\n","thumbnail_url":"https:\/\/www.kaufholdreveillaud.lu\/wp-content\/uploads\/droit-deconnexion.jpg","thumbnail_width":1200,"thumbnail_height":801,"description":"Le 30 avril 2021, le Conseil \u00e9conomique et social (CES) a adopt\u00e9 un avis sur le droit \u00e0 la d\u00e9connexion. En effet, tant le patronat que les syndicats ont estim\u00e9 qu\u2019il \u00e9tait d\u00e9sormais essentiel de surveiller la fronti\u00e8re entre vie professionnelle et vie priv\u00e9e des salari\u00e9s, d\u00e9j\u00e0 consid\u00e9rablement impact\u00e9e par l\u2019utilisation quasi-indispensable des technologies. La &hellip; Continuer la lecture \u00ab\u00a0\u00a0\u00bb"}

Le droit à la déconnexion - Kaufhold et Reveillaud Avocats

<blockquote class="wp-embedded-content" data-secret="KZYk1ZT0vy"><a href="https://www.kaufholdreveillaud.lu/fr/le-droit-a-la-deconnexion/">Le droit à la déconnexion</a></blockquote><iframe sandbox="allow-scripts" security="restricted" src="https://www.kaufholdreveillaud.lu/fr/le-droit-a-la-deconnexion/embed/#?secret=KZYk1ZT0vy" width="600" height="338" title="« Le droit à la déconnexion » &#8212; Kaufhold et Reveillaud Avocats" data-secret="KZYk1ZT0vy" frameborder="0" marginwidth="0" marginheight="0" scrolling="no" class="wp-embedded-content"></iframe><script>
/*! This file is auto-generated */
!function(d,l){"use strict";l.querySelector&&d.addEventListener&&"undefined"!=typeof URL&&(d.wp=d.wp||{},d.wp.receiveEmbedMessage||(d.wp.receiveEmbedMessage=function(e){var t=e.data;if((t||t.secret||t.message||t.value)&&!/[^a-zA-Z0-9]/.test(t.secret)){for(var s,r,n,a=l.querySelectorAll('iframe[data-secret="'+t.secret+'"]'),o=l.querySelectorAll('blockquote[data-secret="'+t.secret+'"]'),c=new RegExp("^https?:$","i"),i=0;i<o.length;i++)o[i].style.display="none";for(i=0;i<a.length;i++)s=a[i],e.source===s.contentWindow&&(s.removeAttribute("style"),"height"===t.message?(1e3<(r=parseInt(t.value,10))?r=1e3:~~r<200&&(r=200),s.height=r):"link"===t.message&&(r=new URL(s.getAttribute("src")),n=new URL(t.value),c.test(n.protocol))&&n.host===r.host&&l.activeElement===s&&(d.top.location.href=t.value))}},d.addEventListener("message",d.wp.receiveEmbedMessage,!1),l.addEventListener("DOMContentLoaded",function(){for(var e,t,s=l.querySelectorAll("iframe.wp-embedded-content"),r=0;r<s.length;r++)(t=(e=s[r]).getAttribute("data-secret"))||(t=Math.random().toString(36).substring(2,12),e.src+="#?secret="+t,e.setAttribute("data-secret",t)),e.contentWindow.postMessage({message:"ready",secret:t},"*")},!1)))}(window,document);
//# sourceURL=https://www.kaufholdreveillaud.lu/wp-includes/js/wp-embed.min.js
</script>

Le 30 avril 2021, le Conseil économique et social (CES) a adopté un avis sur le droit à la déconnexion. En effet, tant le patronat que les syndicats ont estimé qu’il était désormais essentiel de surveiller la frontière entre vie professionnelle et vie privée des salariés, déjà considérablement impactée par l’utilisation quasi-indispensable des technologies. La &hellip; Continuer la lecture «  »
